{"id":5606,"date":"2022-03-01T01:54:52","date_gmt":"2022-03-01T00:54:52","guid":{"rendered":"https:\/\/fiduxis.com\/?page_id=5606"},"modified":"2024-02-24T11:12:34","modified_gmt":"2024-02-24T10:12:34","slug":"fiscal-juridique","status":"publish","type":"page","link":"http:\/\/fiduxis.com\/?page_id=5606","title":{"rendered":"Fiscal &#038; Juridique"},"content":{"rendered":"\t\t<div data-elementor-type=\"wp-page\" data-elementor-id=\"5606\" class=\"elementor elementor-5606\">\n\t\t\t\t\t\t<section class=\"elementor-section elementor-top-section elementor-element elementor-element-f2bcfd5 elementor-section-boxed elementor-section-height-default elementor-section-height-default\" data-id=\"f2bcfd5\" data-element_type=\"section\">\n\t\t\t\t\t\t<div class=\"elementor-container elementor-column-gap-default\">\n\t\t\t\t\t<div class=\"elementor-column elementor-col-100 elementor-top-column elementor-element elementor-element-8ad8810\" data-id=\"8ad8810\" data-element_type=\"column\">\n\t\t\t<div class=\"elementor-widget-wrap elementor-element-populated\">\n\t\t\t\t\t\t<div class=\"elementor-element elementor-element-f9d4cff elementor-widget elementor-widget-spacer\" data-id=\"f9d4cff\" data-element_type=\"widget\" data-widget_type=\"spacer.default\">\n\t\t\t\t<div class=\"elementor-widget-container\">\n\t\t\t<style>\/*! elementor - v3.20.0 - 13-03-2024 *\/\n.elementor-column .elementor-spacer-inner{height:var(--spacer-size)}.e-con{--container-widget-width:100%}.e-con-inner>.elementor-widget-spacer,.e-con>.elementor-widget-spacer{width:var(--container-widget-width,var(--spacer-size));--align-self:var(--container-widget-align-self,initial);--flex-shrink:0}.e-con-inner>.elementor-widget-spacer>.elementor-widget-container,.e-con>.elementor-widget-spacer>.elementor-widget-container{height:100%;width:100%}.e-con-inner>.elementor-widget-spacer>.elementor-widget-container>.elementor-spacer,.e-con>.elementor-widget-spacer>.elementor-widget-container>.elementor-spacer{height:100%}.e-con-inner>.elementor-widget-spacer>.elementor-widget-container>.elementor-spacer>.elementor-spacer-inner,.e-con>.elementor-widget-spacer>.elementor-widget-container>.elementor-spacer>.elementor-spacer-inner{height:var(--container-widget-height,var(--spacer-size))}.e-con-inner>.elementor-widget-spacer.elementor-widget-empty,.e-con>.elementor-widget-spacer.elementor-widget-empty{position:relative;min-height:22px;min-width:22px}.e-con-inner>.elementor-widget-spacer.elementor-widget-empty .elementor-widget-empty-icon,.e-con>.elementor-widget-spacer.elementor-widget-empty .elementor-widget-empty-icon{position:absolute;top:0;bottom:0;left:0;right:0;margin:auto;padding:0;width:22px;height:22px}<\/style>\t\t<div class=\"elementor-spacer\">\n\t\t\t<div class=\"elementor-spacer-inner\"><\/div>\n\t\t<\/div>\n\t\t\t\t<\/div>\n\t\t\t\t<\/div>\n\t\t\t\t\t<\/div>\n\t\t<\/div>\n\t\t\t\t\t<\/div>\n\t\t<\/section>\n\t\t\t\t<section class=\"elementor-section elementor-top-section elementor-element elementor-element-fc06244 elementor-section-boxed elementor-section-height-default elementor-section-height-default\" data-id=\"fc06244\" data-element_type=\"section\">\n\t\t\t\t\t\t<div class=\"elementor-container elementor-column-gap-default\">\n\t\t\t\t\t<div class=\"elementor-column elementor-col-50 elementor-top-column elementor-element elementor-element-da4f8dc\" data-id=\"da4f8dc\" data-element_type=\"column\">\n\t\t\t<div class=\"elementor-widget-wrap elementor-element-populated\">\n\t\t\t\t\t\t<div class=\"elementor-element elementor-element-4c9fe48 elementor-widget__width-initial aleft elementor-widget elementor-widget-wgl-double-headings\" data-id=\"4c9fe48\" data-element_type=\"widget\" data-widget_type=\"wgl-double-headings.default\">\n\t\t\t\t<div class=\"elementor-widget-container\">\n\t\t\t<div class=\"wgl-double_heading\"><h3 class=\"dbl__title-wrapper\"><span class=\"dbl__title dbl__title_1\">Ma\u00eetriser vos enjeux et risques fiscaux<\/span><\/h3><\/div>\t\t<\/div>\n\t\t\t\t<\/div>\n\t\t\t\t<div class=\"elementor-element elementor-element-7ab39cb elementor-widget elementor-widget-text-editor\" data-id=\"7ab39cb\" data-element_type=\"widget\" data-widget_type=\"text-editor.default\">\n\t\t\t\t<div class=\"elementor-widget-container\">\n\t\t\t<style>\/*! elementor - v3.20.0 - 13-03-2024 *\/\n.elementor-widget-text-editor.elementor-drop-cap-view-stacked .elementor-drop-cap{background-color:#69727d;color:#fff}.elementor-widget-text-editor.elementor-drop-cap-view-framed .elementor-drop-cap{color:#69727d;border:3px solid;background-color:transparent}.elementor-widget-text-editor:not(.elementor-drop-cap-view-default) .elementor-drop-cap{margin-top:8px}.elementor-widget-text-editor:not(.elementor-drop-cap-view-default) .elementor-drop-cap-letter{width:1em;height:1em}.elementor-widget-text-editor .elementor-drop-cap{float:left;text-align:center;line-height:1;font-size:50px}.elementor-widget-text-editor .elementor-drop-cap-letter{display:inline-block}<\/style>\t\t\t\t<p>Notre parfaite ma\u00eetrise des textes et de la pratique de la fiscalit\u00e9 locale nous permet d\u2019apporter une assistance pointue \u00e0 nos clients.<\/p>\n<p>Nous accompagnons nos clients au quotidien pour leur assurer une bonne ma\u00eetrise de leur enjeux et risques fiscaux.<\/p>\n<p>Nous les assistons \u00e9galement lors de leurs transactions pour s\u00e9curiser et optimiser leurs op\u00e9rations.<\/p>\t\t\t\t\t\t<\/div>\n\t\t\t\t<\/div>\n\t\t\t\t<div class=\"elementor-element elementor-element-ce10926 aleft elementor-widget-icon-box wgl-icon-box elementor-view-default elementor-widget elementor-widget-wgl-info-box\" data-id=\"ce10926\" data-element_type=\"widget\" data-widget_type=\"wgl-info-box.default\">\n\t\t\t\t<div class=\"elementor-widget-container\">\n\t\t\t<div class=\"wgl-infobox\"><div class=\"wgl-infobox_wrapper wgl-layout-left  \"><div class=\"media-wrapper icon-wrapper\"><span class=\"wgl-icon\" ><i class=\"icon elementor-icon fas fa-check-circle\" aria-hidden=\"true\"><\/i><\/span><\/div><div class=\"content_wrapper\"><div class=\"wgl-infobox-title_wrapper\"><h3 class=\"wgl-infobox_title\"><span class=\"wgl-infobox_title-idle\">Formalit\u00e9s juridiques et fiscales<\/span><\/h3><\/div><\/div><\/div><\/div>\t\t<\/div>\n\t\t\t\t<\/div>\n\t\t\t\t<div class=\"elementor-element elementor-element-e586f11 aleft elementor-widget-icon-box wgl-icon-box elementor-view-default elementor-widget elementor-widget-wgl-info-box\" data-id=\"e586f11\" data-element_type=\"widget\" data-widget_type=\"wgl-info-box.default\">\n\t\t\t\t<div class=\"elementor-widget-container\">\n\t\t\t<div class=\"wgl-infobox\"><div class=\"wgl-infobox_wrapper wgl-layout-left  \"><div class=\"media-wrapper icon-wrapper\"><span class=\"wgl-icon\" ><i class=\"icon elementor-icon fas fa-check-circle\" aria-hidden=\"true\"><\/i><\/span><\/div><div class=\"content_wrapper\"><div class=\"wgl-infobox-title_wrapper\"><h3 class=\"wgl-infobox_title\"><span class=\"wgl-infobox_title-idle\">R\u00e9daction de contrats et de conventions<\/span><\/h3><\/div><\/div><\/div><\/div>\t\t<\/div>\n\t\t\t\t<\/div>\n\t\t\t\t<div class=\"elementor-element elementor-element-6b7c048 aleft elementor-widget-icon-box wgl-icon-box elementor-view-default elementor-widget elementor-widget-wgl-info-box\" data-id=\"6b7c048\" data-element_type=\"widget\" data-widget_type=\"wgl-info-box.default\">\n\t\t\t\t<div class=\"elementor-widget-container\">\n\t\t\t<div class=\"wgl-infobox\"><div class=\"wgl-infobox_wrapper wgl-layout-left  \"><div class=\"media-wrapper icon-wrapper\"><span class=\"wgl-icon\" ><i class=\"icon elementor-icon fas fa-check-circle\" aria-hidden=\"true\"><\/i><\/span><\/div><div class=\"content_wrapper\"><div class=\"wgl-infobox-title_wrapper\"><h3 class=\"wgl-infobox_title\"><span class=\"wgl-infobox_title-idle\">Contr\u00f4les et contentieux fiscaux<\/span><\/h3><\/div><\/div><\/div><\/div>\t\t<\/div>\n\t\t\t\t<\/div>\n\t\t\t\t<div class=\"elementor-element elementor-element-1d6dc92 aleft elementor-widget-icon-box wgl-icon-box elementor-view-default elementor-widget elementor-widget-wgl-info-box\" data-id=\"1d6dc92\" data-element_type=\"widget\" data-widget_type=\"wgl-info-box.default\">\n\t\t\t\t<div class=\"elementor-widget-container\">\n\t\t\t<div class=\"wgl-infobox\"><div class=\"wgl-infobox_wrapper wgl-layout-left  \"><div class=\"media-wrapper icon-wrapper\"><span class=\"wgl-icon\" ><i class=\"icon elementor-icon fas fa-check-circle\" aria-hidden=\"true\"><\/i><\/span><\/div><div class=\"content_wrapper\"><div class=\"wgl-infobox-title_wrapper\"><h3 class=\"wgl-infobox_title\"><span class=\"wgl-infobox_title-idle\">Prix de transfert<\/span><\/h3><\/div><\/div><\/div><\/div>\t\t<\/div>\n\t\t\t\t<\/div>\n\t\t\t\t<div class=\"elementor-element elementor-element-776b6c0 aleft elementor-widget-icon-box wgl-icon-box elementor-view-default elementor-widget elementor-widget-wgl-info-box\" data-id=\"776b6c0\" data-element_type=\"widget\" data-widget_type=\"wgl-info-box.default\">\n\t\t\t\t<div class=\"elementor-widget-container\">\n\t\t\t<div class=\"wgl-infobox\"><div class=\"wgl-infobox_wrapper wgl-layout-left  \"><div class=\"media-wrapper icon-wrapper\"><span class=\"wgl-icon\" ><i class=\"icon elementor-icon fas fa-check-circle\" aria-hidden=\"true\"><\/i><\/span><\/div><div class=\"content_wrapper\"><div class=\"wgl-infobox-title_wrapper\"><h3 class=\"wgl-infobox_title\"><span class=\"wgl-infobox_title-idle\">Conseil en droit des affaires, droit des soci\u00e9t\u00e9s et droit social<\/span><\/h3><\/div><\/div><\/div><\/div>\t\t<\/div>\n\t\t\t\t<\/div>\n\t\t\t\t\t<\/div>\n\t\t<\/div>\n\t\t\t\t<div class=\"elementor-column elementor-col-50 elementor-top-column elementor-element elementor-element-1bd1bce\" data-id=\"1bd1bce\" data-element_type=\"column\">\n\t\t\t<div class=\"elementor-widget-wrap elementor-element-populated\">\n\t\t\t\t\t\t<div class=\"elementor-element elementor-element-d138bd1 elementor-widget elementor-widget-wgl-team\" data-id=\"d138bd1\" data-element_type=\"widget\" data-widget_type=\"wgl-team.default\">\n\t\t\t\t<div class=\"elementor-widget-container\">\n\t\t\t        <div class=\"wgl_module_team team-col_1 acenter\">\r\n            <div class=\"team-items_wrap\">\r\n                <div class=\"team-item\"><div class=\"team-item_wrap\"><div class=\"team__media-wrapper\"><div class=\"team__icons\"><a href=\"https:\/\/www.linkedin.com\/in\/mariama-cir%C3%A9-traore-379446175\/\" class=\"team-icon fab fa-linkedin\"><\/a><\/div><div class=\"team__image-wrapper\"><a href=\"http:\/\/fiduxis.com\/?team=mariama-cire-traore-2\" class=\"team__image\"><img decoding=\"async\" src=\"http:\/\/fiduxis.com\/wp-content\/uploads\/2022\/11\/Untitled-design-3-540x700.jpg\" alt=\"\" \/><\/a><\/div><\/div><div class=\"team-item_info\"><h2 class=\"team-title\"><a href=\"http:\/\/fiduxis.com\/?team=mariama-cire-traore-2\">Mariama Cir\u00e9 Traor\u00e9<\/a><\/h2><div class=\"team-department\">Directrice Tax &amp; Legal<\/div><\/div><\/div><\/div>            <\/div>\r\n        <\/div>\r\n        \t\t<\/div>\n\t\t\t\t<\/div>\n\t\t\t\t\t<\/div>\n\t\t<\/div>\n\t\t\t\t\t<\/div>\n\t\t<\/section>\n\t\t\t\t<\/div>\n\t\t","protected":false},"excerpt":{"rendered":"<p>Ma\u00eetriser vos enjeux et risques fiscaux Notre parfaite ma\u00eetrise des textes et de la pratique de la fiscalit\u00e9 locale nous permet d\u2019apporter une assistance pointue \u00e0 nos clients. Nous accompagnons nos clients au quotidien pour leur assurer une bonne ma\u00eetrise de leur enjeux et risques fiscaux. Nous les assistons \u00e9galement lors de leurs transactions pour [&hellip;]<\/p>\n","protected":false},"author":1,"featured_media":0,"parent":0,"menu_order":0,"comment_status":"closed","ping_status":"closed","template":"","meta":{"footnotes":""},"class_list":["post-5606","page","type-page","status-publish","hentry"],"yoast_head":"<!-- This site is optimized with the Yoast SEO plugin v22.2 - https:\/\/yoast.com\/wordpress\/plugins\/seo\/ -->\n<title>Fiscal &amp; Juridique - Fiduxis<\/title>\n<meta name=\"robots\" content=\"index, follow, max-snippet:-1, max-image-preview:large, max-video-preview:-1\" \/>\n<link rel=\"canonical\" href=\"http:\/\/fiduxis.com\/?page_id=5606\" \/>\n<meta property=\"og:locale\" content=\"fr_FR\" \/>\n<meta property=\"og:type\" content=\"article\" \/>\n<meta property=\"og:title\" content=\"Fiscal &amp; Juridique - Fiduxis\" \/>\n<meta property=\"og:description\" content=\"Ma\u00eetriser vos enjeux et risques fiscaux Notre parfaite ma\u00eetrise des textes et de la pratique de la fiscalit\u00e9 locale nous permet d\u2019apporter une assistance pointue \u00e0 nos clients. Nous accompagnons nos clients au quotidien pour leur assurer une bonne ma\u00eetrise de leur enjeux et risques fiscaux. Nous les assistons \u00e9galement lors de leurs transactions pour [&hellip;]\" \/>\n<meta property=\"og:url\" content=\"http:\/\/fiduxis.com\/?page_id=5606\" \/>\n<meta property=\"og:site_name\" content=\"Fiduxis\" \/>\n<meta property=\"article:modified_time\" content=\"2024-02-24T10:12:34+00:00\" \/>\n<meta property=\"og:image\" content=\"https:\/\/fiduxis.com\/wp-content\/uploads\/2022\/11\/Untitled-design-3-540x700.jpg\" \/>\n<meta name=\"twitter:card\" content=\"summary_large_image\" \/>\n<meta name=\"twitter:label1\" content=\"Dur\u00e9e de lecture estim\u00e9e\" \/>\n\t<meta name=\"twitter:data1\" content=\"1 minute\" \/>\n<script type=\"application\/ld+json\" class=\"yoast-schema-graph\">{\"@context\":\"https:\/\/schema.org\",\"@graph\":[{\"@type\":\"WebPage\",\"@id\":\"http:\/\/fiduxis.com\/?page_id=5606\",\"url\":\"http:\/\/fiduxis.com\/?page_id=5606\",\"name\":\"Fiscal & Juridique - Fiduxis\",\"isPartOf\":{\"@id\":\"http:\/\/fiduxis.com\/#website\"},\"primaryImageOfPage\":{\"@id\":\"http:\/\/fiduxis.com\/?page_id=5606#primaryimage\"},\"image\":{\"@id\":\"http:\/\/fiduxis.com\/?page_id=5606#primaryimage\"},\"thumbnailUrl\":\"https:\/\/fiduxis.com\/wp-content\/uploads\/2022\/11\/Untitled-design-3-540x700.jpg\",\"datePublished\":\"2022-03-01T00:54:52+00:00\",\"dateModified\":\"2024-02-24T10:12:34+00:00\",\"breadcrumb\":{\"@id\":\"http:\/\/fiduxis.com\/?page_id=5606#breadcrumb\"},\"inLanguage\":\"fr-FR\",\"potentialAction\":[{\"@type\":\"ReadAction\",\"target\":[\"http:\/\/fiduxis.com\/?page_id=5606\"]}]},{\"@type\":\"ImageObject\",\"inLanguage\":\"fr-FR\",\"@id\":\"http:\/\/fiduxis.com\/?page_id=5606#primaryimage\",\"url\":\"http:\/\/fiduxis.com\/wp-content\/uploads\/2022\/11\/Untitled-design-3.jpg\",\"contentUrl\":\"http:\/\/fiduxis.com\/wp-content\/uploads\/2022\/11\/Untitled-design-3.jpg\",\"width\":1707,\"height\":2560},{\"@type\":\"BreadcrumbList\",\"@id\":\"http:\/\/fiduxis.com\/?page_id=5606#breadcrumb\",\"itemListElement\":[{\"@type\":\"ListItem\",\"position\":1,\"name\":\"Accueil\",\"item\":\"https:\/\/fiduxis.com\/\"},{\"@type\":\"ListItem\",\"position\":2,\"name\":\"Fiscal &#038; Juridique\"}]},{\"@type\":\"WebSite\",\"@id\":\"http:\/\/fiduxis.com\/#website\",\"url\":\"http:\/\/fiduxis.com\/\",\"name\":\"Fiduxis\",\"description\":\"Un cabinet de services int\u00e9gr\u00e9s\",\"potentialAction\":[{\"@type\":\"SearchAction\",\"target\":{\"@type\":\"EntryPoint\",\"urlTemplate\":\"http:\/\/fiduxis.com\/?s={search_term_string}\"},\"query-input\":\"required name=search_term_string\"}],\"inLanguage\":\"fr-FR\"}]}<\/script>\n<!-- \/ Yoast SEO plugin. -->","yoast_head_json":{"title":"Fiscal & Juridique - Fiduxis","robots":{"index":"index","follow":"follow","max-snippet":"max-snippet:-1","max-image-preview":"max-image-preview:large","max-video-preview":"max-video-preview:-1"},"canonical":"http:\/\/fiduxis.com\/?page_id=5606","og_locale":"fr_FR","og_type":"article","og_title":"Fiscal & Juridique - Fiduxis","og_description":"Ma\u00eetriser vos enjeux et risques fiscaux Notre parfaite ma\u00eetrise des textes et de la pratique de la fiscalit\u00e9 locale nous permet d\u2019apporter une assistance pointue \u00e0 nos clients. Nous accompagnons nos clients au quotidien pour leur assurer une bonne ma\u00eetrise de leur enjeux et risques fiscaux. Nous les assistons \u00e9galement lors de leurs transactions pour [&hellip;]","og_url":"http:\/\/fiduxis.com\/?page_id=5606","og_site_name":"Fiduxis","article_modified_time":"2024-02-24T10:12:34+00:00","og_image":[{"url":"https:\/\/fiduxis.com\/wp-content\/uploads\/2022\/11\/Untitled-design-3-540x700.jpg"}],"twitter_card":"summary_large_image","twitter_misc":{"Dur\u00e9e de lecture estim\u00e9e":"1 minute"},"schema":{"@context":"https:\/\/schema.org","@graph":[{"@type":"WebPage","@id":"http:\/\/fiduxis.com\/?page_id=5606","url":"http:\/\/fiduxis.com\/?page_id=5606","name":"Fiscal & Juridique - Fiduxis","isPartOf":{"@id":"http:\/\/fiduxis.com\/#website"},"primaryImageOfPage":{"@id":"http:\/\/fiduxis.com\/?page_id=5606#primaryimage"},"image":{"@id":"http:\/\/fiduxis.com\/?page_id=5606#primaryimage"},"thumbnailUrl":"https:\/\/fiduxis.com\/wp-content\/uploads\/2022\/11\/Untitled-design-3-540x700.jpg","datePublished":"2022-03-01T00:54:52+00:00","dateModified":"2024-02-24T10:12:34+00:00","breadcrumb":{"@id":"http:\/\/fiduxis.com\/?page_id=5606#breadcrumb"},"inLanguage":"fr-FR","potentialAction":[{"@type":"ReadAction","target":["http:\/\/fiduxis.com\/?page_id=5606"]}]},{"@type":"ImageObject","inLanguage":"fr-FR","@id":"http:\/\/fiduxis.com\/?page_id=5606#primaryimage","url":"http:\/\/fiduxis.com\/wp-content\/uploads\/2022\/11\/Untitled-design-3.jpg","contentUrl":"http:\/\/fiduxis.com\/wp-content\/uploads\/2022\/11\/Untitled-design-3.jpg","width":1707,"height":2560},{"@type":"BreadcrumbList","@id":"http:\/\/fiduxis.com\/?page_id=5606#breadcrumb","itemListElement":[{"@type":"ListItem","position":1,"name":"Accueil","item":"https:\/\/fiduxis.com\/"},{"@type":"ListItem","position":2,"name":"Fiscal &#038; Juridique"}]},{"@type":"WebSite","@id":"http:\/\/fiduxis.com\/#website","url":"http:\/\/fiduxis.com\/","name":"Fiduxis","description":"Un cabinet de services int\u00e9gr\u00e9s","potentialAction":[{"@type":"SearchAction","target":{"@type":"EntryPoint","urlTemplate":"http:\/\/fiduxis.com\/?s={search_term_string}"},"query-input":"required name=search_term_string"}],"inLanguage":"fr-FR"}]}},"lang":"fr","translations":{"fr":5606,"en":7604},"pll_sync_post":[],"_links":{"self":[{"href":"http:\/\/fiduxis.com\/index.php?rest_route=\/wp\/v2\/pages\/5606","targetHints":{"allow":["GET"]}}],"collection":[{"href":"http:\/\/fiduxis.com\/index.php?rest_route=\/wp\/v2\/pages"}],"about":[{"href":"http:\/\/fiduxis.com\/index.php?rest_route=\/wp\/v2\/types\/page"}],"author":[{"embeddable":true,"href":"http:\/\/fiduxis.com\/index.php?rest_route=\/wp\/v2\/users\/1"}],"replies":[{"embeddable":true,"href":"http:\/\/fiduxis.com\/index.php?rest_route=%2Fwp%2Fv2%2Fcomments&post=5606"}],"version-history":[{"count":76,"href":"http:\/\/fiduxis.com\/index.php?rest_route=\/wp\/v2\/pages\/5606\/revisions"}],"predecessor-version":[{"id":8518,"href":"http:\/\/fiduxis.com\/index.php?rest_route=\/wp\/v2\/pages\/5606\/revisions\/8518"}],"wp:attachment":[{"href":"http:\/\/fiduxis.com\/index.php?rest_route=%2Fwp%2Fv2%2Fmedia&parent=5606"}],"curies":[{"name":"wp","href":"https:\/\/api.w.org\/{rel}","templated":true}]}}